{"id":504,"date":"2018-03-13T17:22:07","date_gmt":"2018-03-13T17:22:07","guid":{"rendered":"http:\/\/www.liferelict.ect.uevora.pt\/?page_id=504"},"modified":"2023-11-08T01:01:59","modified_gmt":"2023-11-08T01:01:59","slug":"natura-2000","status":"publish","type":"page","link":"http:\/\/www.liferelict.ect.uevora.pt\/index.php\/natura-2000\/","title":{"rendered":"Rede Natura 2000"},"content":{"rendered":"<p><\/p>\n<h4><\/h4>\n<h4><img loading=\"lazy\" class=\"wp-image-1059 alignleft\" src=\"http:\/\/www.liferelict.ect.uevora.pt\/wp-content\/uploads\/2018\/03\/Logo-2-2000.jpg\" alt=\"\" width=\"259\" height=\"178\" \/><\/h4>\n<p>A\u00a0Rede Natura 2000 \u00e9 uma rede ecol\u00f3gica para o espa\u00e7o comunit\u00e1rio da Uni\u00e3o Europeia\u00a0resultante da aplica\u00e7\u00e3o da Diretiva 79\/409\/CEE do Conselho, de 2 de abril de 1979 (Diretiva Aves) &#8211; revogada pela\u00a0Diretiva 2009\/147\/CE, de 30 de novembro\u00a0(Diretivas Aves) &#8211; e da\u00a0Diretiva 92\/43\/CEE\u00a0(Diretiva Habitats) que tem como finalidade assegurar a conserva\u00e7\u00e3o a longo prazo das esp\u00e9cies e dos habitats mais amea\u00e7ados da Europa, contribuindo para parar a perda de biodiversidade.<\/p>\n<p>A Rede Natura 2000 tamb\u00e9m se aplica ao meio marinho e \u00e9 comporta por dois tipos de \u00e1reas, nomeadamente, as Zonas de Prote\u00e7\u00e3o Especial\u00a0(ZPE)\u00a0&#8211; estabelecidas ao abrigo da Diretiva Aves, que se destinam essencialmente a garantir a conserva\u00e7\u00e3o das esp\u00e9cies de aves, e seus habitats, listadas no seu Anexo I, e das esp\u00e9cies de aves migrat\u00f3rias n\u00e3o referidas no Anexo I e cuja ocorr\u00eancia seja regular; e as Zonas Especiais de Conserva\u00e7\u00e3o\u00a0(ZEC)\u00a0&#8211; criadas ao abrigo da Diretiva Habitats, com o objetivo expresso de &#8220;contribuir para assegurar a Biodiversidade, atrav\u00e9s da conserva\u00e7\u00e3o dos habitats naturais (Anexo I) e dos habitats de esp\u00e9cies da flora e da fauna selvagens (Anexo II), considerados amea\u00e7ados no espa\u00e7o da Uni\u00e3o Europeia&#8221;. Nestas \u00e1reas de import\u00e2ncia comunit\u00e1ria para a conserva\u00e7\u00e3o de determinados habitats e esp\u00e9cies, as atividades humanas dever\u00e3o ser compat\u00edveis com a preserva\u00e7\u00e3o destes valores, visando uma gest\u00e3o sustent\u00e1vel do ponto de vista ecol\u00f3gico, econ\u00f3mico e social.<\/p>\n<p>Esta rede estende-se pelos 27 pa\u00edses da Uni\u00e3o Europeia, abrangendo cerca de 4 131 mil km2 \u00e1rea terrestre, o que se traduz em 18,6% do territ\u00f3rio europeu. Em Portugal, a Rede Natura 2000 \u00e9 composta por 167 \u00e1reas que integram a Lista Nacional de \u00c1reas Classificadas.<\/p>\n<p>&nbsp;<\/p>\n<p>Mais informa\u00e7\u00e3o em:\u00a0<a href=\"https:\/\/ec.europa.eu\/environment\/nature\/natura2000\/faq_pt.htm\">https:\/\/ec.europa.eu\/environment\/nature\/natura2000\/faq_pt.htm<\/a><\/p>\n<p>&nbsp;<\/p>\n<p>&nbsp;<\/p>","protected":false},"excerpt":{"rendered":"<p>A\u00a0Rede Natura 2000 \u00e9 uma rede ecol\u00f3gica para o espa\u00e7o comunit\u00e1rio da Uni\u00e3o Europeia\u00a0resultante da aplica\u00e7\u00e3o da Diretiva 79\/409\/CEE do Conselho, de 2 de abril de 1979 (Diretiva Aves) &#8211; revogada pela\u00a0Diretiva 2009\/147\/CE, de 30 de novembro\u00a0(Diretivas Aves) &#8211; e da\u00a0Diretiva 92\/43\/CEE\u00a0(Diretiva Habitats) que tem como finalidade assegurar a conserva\u00e7\u00e3o a longo prazo das esp\u00e9cies &hellip; <\/p>\n<p><a class=\"more-link btn\" href=\"http:\/\/www.liferelict.ect.uevora.pt\/index.php\/natura-2000\/\">Continue a ler<\/a><\/p>\n","protected":false},"author":1,"featured_media":0,"parent":0,"menu_order":0,"comment_status":"closed","ping_status":"closed","template":"","meta":[],"_links":{"self":[{"href":"http:\/\/www.liferelict.ect.uevora.pt\/index.php\/wp-json\/wp\/v2\/pages\/504"}],"collection":[{"href":"http:\/\/www.liferelict.ect.uevora.pt\/index.php\/wp-json\/wp\/v2\/pages"}],"about":[{"href":"http:\/\/www.liferelict.ect.uevora.pt\/index.php\/wp-json\/wp\/v2\/types\/page"}],"author":[{"embeddable":true,"href":"http:\/\/www.liferelict.ect.uevora.pt\/index.php\/wp-json\/wp\/v2\/users\/1"}],"replies":[{"embeddable":true,"href":"http:\/\/www.liferelict.ect.uevora.pt\/index.php\/wp-json\/wp\/v2\/comments?post=504"}],"version-history":[{"count":10,"href":"http:\/\/www.liferelict.ect.uevora.pt\/index.php\/wp-json\/wp\/v2\/pages\/504\/revisions"}],"predecessor-version":[{"id":16630,"href":"http:\/\/www.liferelict.ect.uevora.pt\/index.php\/wp-json\/wp\/v2\/pages\/504\/revisions\/16630"}],"wp:attachment":[{"href":"http:\/\/www.liferelict.ect.uevora.pt\/index.php\/wp-json\/wp\/v2\/media?parent=504"}],"curies":[{"name":"wp","href":"https:\/\/api.w.org\/{rel}","templated":true}]}}